t is the hundreds digit of 40797273?
2
What is the millions digit of 224984525?
4
What is the ten thousands digit of 242175943?
7
What is the tens digit of 193967229?
2
What is the hundred millions digit of 309633341?
3
What is the tens digit of 1416534852?
5
What is the hundred thousands digit of 189290221?
2
What is the tens digit of 1911475993?
9
What is the units digit of 23425730?
0
What is the millions digit of 3932702900?
2
What is the hundred thousands digit of 8301026?
3
What is the millions digit of 37726945?
7
What is the units digit of 211574489?
9
What is the tens digit of 70143856?
5
What is the units digit of 706591275?
5
What is the thousands digit of 59450409?
0
What is the hundreds digit of 9894271?
2
What is the hundred thousands digit of 235379563?
3
What is the hundred thousands digit of 9868142193?
1
What is the ten thousands digit of 277485689?
8
What is the millions digit of 778651657?
8
What is the ten millions digit of 479599893?
7
What is the ten millions digit of 708833610?
0
What is the hundred millions digit of 303175130?
3
What is the tens digit of 2760846528?
2
What is the ten millions digit of 55835884?
5
What is the ten thousands digit of 143327487?
2
What is the ten thousands digit of 179457254?
5
What is the ten thousands digit of 4124269131?
6
What is the ten thousands digit of 105182010?
8
What is the ten thousands digit of 86698767?
9
What is the hundreds digit of 370893199?
1
What is the billions digit of 1544974767?
1
What is the hundred millions digit of 426528701?
4
What is the hundreds digit of 179703600?
6
What is the hundred thousands digit of 48502002?
5
What is the thousands digit of 180238696?
8
What is the tens digit of 226367135?
3
What is the units digit of 516455371?
1
What is the millions digit of 4098258980?
8
What is the ten thousands digit of 1512502311?
0
What is the hundred thousands digit of 2163860270?
8
What is the ten thousands digit of 914074366?
7
What is the millions digit of 114884773?
4
What is the hundred thousands digit of 16259985?
2
What is the thousands digit of 8688368156?
8
What is the tens digit of 2709981812?
1
What is the millions digit of 406889330?
6
What is the millions digit of 187368287?
7
What is the ten millions digit of 83568732?
8
What is the units digit of 639219163?
3
What is the hundred thousands digit of 405453438?
4
What is the thousands digit of 360411887?
1
What is the units digit of 86718003?
3
What is the ten thousands digit of 29499650?
9
What is the hundred millions digit of 2497198743?
4
What is the ten millions digit of 221955071?
2
What is the units digit of 425284583?
3
What is the millions digit of 935694559?
5
What is the units digit of 16845727?
7
What is the thousands digit of 221707512?
7
What is the thousands digit of 179252580?
2
What is the ten millions digit of 892061071?
9
What is the ten millions digit of 8127810962?
2
What is the ten thousands digit of 66604820?
0
What is the hundred millions digit of 194248673?
1
What is the thousands digit of 471893843?
3
What is the ten millions digit of 24010475?
2
What is the millions digit of 2426617465?
6
What is the hundred thousands digit of 184107769?
1
What is the millions digit of 1350360933?
0
What is the thousands digit of 462439047?
9
What is the units digit of 1023348720?
0
What is the ten millions digit of 2061092279?
6
What is the millions digit of 2693194?
2
What is the millions digit of 118334532?
8
What is the tens digit of 252453212?
1
What is the millions digit of 95630801?
5
What is the hundred thousands digit of 8600823?
6
What is the thousands digit of 488497955?
7
What is the tens digit of 57501905?
0
What is the millions digit of 126640466?
6
What is the ten thousands digit of 148712279?
1
What is the thousands digit of 370107731?
7
What is the millions digit of 6887052?
6
What is the billions digit of 1212984295?
1
What is the billions digit of 4064702157?
4
What is the ten millions digit of 6207447563?
0
What is the millions digit of 72265235?
2
What is the hundreds digit of 52035969?
9
What is the hundred millions digit of 601313616?
6
What is the thousands digit of 34276181?
6
What is the millions digit of 972423759?
2
What is the thousands digit of 23342815?
2
What is the hundreds digit of 163266082?
0
What is the ten millions digit of 55631548?
5
What is the tens digit of 6986228?
2
What is the ten millions digit of 372888542?
7
What is the hundred thousands digit of 6200405821?
4
What is the tens digit of 43634762?
6
What is the hundred millions digit of 5513150737?
5
What is the hundreds digit of 994720074?
0
What is the ten thousands digit of 49984123?
8
What is the hundreds digit of 43181055?
0
What is the millions digit of 472730260?
2
What is the hundred millions digit of 403229545?
4
What is the tens digit of 5235773?
7
What is the thousands digit of 254770925?
0
What is the thousands digit of 4400064020?
4
What is the units digit of 23675644?
4
What is the thousands digit of 3275553?
5
What is the hundred thousands digit of 362759032?
7
What is the hundred millions digit of 2852688572?
8
What is the millions digit of 34767209?
4
What is the billions digit of 3318245293?
3
What is the hundred millions digit of 1085786666?
0
What is the hundred thousands digit of 424695468?
6
What is the billions digit of 5399541663?
5
What is the hundred thousands digit of 6304655496?
6
What is the hundred thousands digit of 520851270?
8
What is the units digit of 21337640?
0
What is the units digit of 624560524?
4
What is the hundred thousands digit of 1607741183?
7
What is the millions digit of 10680347?
0
What is the ten thousands digit of 202110904?
1
What is the thousands digit of 49469311?
9
What is the units digit of 210381057?
7
What is the ten thousands digit of 154255890?
5
What is the hundred thousands digit of 291807386?
8
What is the thousands digit of 46537814?
7
What is the millions digit of 403629084?
3
What is the tens digit of 369273087?
8
What is the ten thousands digit of 2192383106?
8
What is the ten thousands digit of 6598997618?
9
What is the hundred thousands digit of 4308183849?
1
What is the hundred thousands digit of 89011402?
0
What is the thousands digit of 9848552?
8
What is the ten millions digit of 287499132?
8
What is the units digit of 783059147?
7
What is the hundred millions digit of 145848738?
1
What is the hundred thousands digit of 239484328?
4
What is the ten thousands digit of 5119873506?
7
What is the tens digit of 303409438?
3
What is the billions digit of 3029185054?
3
What is the hundreds digit of 193247925?
9
What is the ten thousands digit of 413216908?
1
What is the billions digit of 2723360322?
2
What is the ten thousands digit of 283145869?
4
What is the hundred millions digit of 412512216?
4
What is the units digit of 1125864335?
5
What is the hundreds digit of 669643377?
3
What is the hundred thousands digit of 424659348?
6
What is the units digit of 156987785?
5
What is the hundreds digit of 151719175?
1
What is the hundreds digit of 23550684?
6
What is the millions digit of 198415043?
8
What is the ten millions digit of 283807557?
8
What is the tens digit of 328894818?
1
What is the ten millions digit of 39837226?
3
What is the hundred millions digit of 129469903?
1
What is the units digit of 73660334?
4
What is the hundreds digit of 789493875?
8
What is the hundred thousands digit of 67019715?
0
What is the hundred millions digit of 1120320269?
1
What is the hundreds digit of 61309106?
1
What is the hundreds digit of 765736?
7
What is the thousands digit of 2589779636?
9
What is the hundred millions digit of 172013693?
1
What is the units digit of 334275597?
7
What is the millions digit of 329813587?
9
What is the hundred thousands digit of 97592070?
5
What is the units digit of 260541218?
8
What is the ten thousands digit of 364679132?
7
What is the thousands digit of 959286719?
6
What is the tens digit of 83199959?
5
What is the thousands digit of 514553631?
3
What is the thousands digit of 1020760997?
0
What is the ten millions digit of 5075748684?
7
What is the tens digit of 253536049?
4
What is the units digit of 52275978?
8
What is the millions digit of 43829593?
3
What is the millions digit of 48076148?
8
Wha